e remainder when s(d) is divided by j.
10
Suppose n - 25*o - 14 = -29*o, 0 = -3*n - 4*o + 50. What is the remainder when 93 is divided by n?
3
Suppose 742*k - 1266 = 691*k + 264. What is the remainder when 5695 is divided by k?
25
Let a(u) = u**3 + 66*u**2 + 125*u - 119. What is the remainder when a(-64) is divided by 39?
34
Let l(t) = 82*t**3 - t. Let p = 3 + -2. Let r be l(p). What is the remainder when r/(-15)*80/(-24) is divided by 10?
8
Let x = -25 - -56. Let p be -10*(-13)/(195/9). Calculate the remainder when 2610/(-30)*(-4)/p is divided by x.
27
Let p(v) = -v**2 + 0*v + 17 + 0*v - 9*v + 20*v. Calculate the remainder when 34 is divided by p(12).
4
Suppose 140*w + 373*w = -91*w + 4832. What is the remainder when 2649 is divided by w?
1
Let q = 13552 + -13355. What is the remainder when q is divided by 10?
7
Calculate the remainder when (11*12/396)/(5/99030) is divided by 31.
30
Let r(t) = t**2 + 15*t - 30. Let z be r(-17). Suppose -z = 5*d - 29. Suppose 43 = d*i - 32. What is the remainder when 42 is divided by i?
12
Suppose -5*f + 8*f = 93. Let v = -2861 - -2982. Calculate the remainder when v is divided by f.
28
Let r = -63 + 67. Suppose r*u - u - 327 = 0. Suppose 9*k + 1 = u. Calculate the remainder when 130 is divided by k.
10
Let w(o) = -13*o - 51. Let j = -52 + 14. Let m = j - -141. Calculate the remainder when m is divided by w(-8).
50
Let x be (-2398)/(-121) - (-6)/33. Let g be (-6)/15 + 9908/x. What is the remainder when 73 is divided by (-4)/(-6)*(6 - g/(-10))?
36
Calculate the remainder when ((-308)/1386)/(2*1/(-1818)) is divided by 172.
30
Let u = 26 + 0. Suppose -5*s = -5*n + 340, 2*s + 412 = 5*n + 69. Calculate the remainder when n is divided by u.
17
Let l be (430 - 74) + 1*(-5 + 1). Let t = -66 + l. What is the remainder when t is divided by 24?
22
Let v = 7940 + -7841. What is the remainder when v is divided by 30?
9
Suppose 2*h - 1000 = 5*u, -h - 2*u + 1500 = 2*h. Suppose 0 = -9*j + 14*j - h. Suppose -35*t = -31*t - j. What is the remainder when 70 is divided by t?
20
Let z(i) = -4*i**2 + 3*i - 2. Let f be z(1). Let o(l) = 30*l - 33. What is the remainder when o(2) is divided by (f/4)/((-6)/120)?
12
Let u(o) = o**3 - o**2 + 3*o - 4. Let t be u(4). Let x be -3*(-25)/(-5)*(0 + (-6)/(-2)). Let c = x + t. Calculate the remainder when c is divided by 6.
5
Suppose -15 = -3*h, 227*w + 301 = 228*w + 5*h. What is the remainder when w is divided by 26?
16
Calculate the remainder when ((-3)/((-147)/(-1652)))/((-20)/70) is divided by 15.
13
Let d(z) = z**2 + 25*z + 152. Let h be d(-15). What is the remainder when h*(1704/16 + -3) is divided by 5?
2
Suppose -17*j = -16*j - 4. Let w be (6/j)/(24/(-352))*2. Let t = w - -70. Calculate the remainder when t is divided by 12.
2
Suppose -5*l + s + 551 = 0, 0 = -l + 61*s - 58*s + 113. What is the remainder when l is divided by 2?
0
Suppose 0*w + c = -2*w + 328, -3*w = -c - 497. Calculate the remainder when 506 is divided by w.
11
Suppose 3*a - 3*v = 738, -4*a - 11*v + 13*v + 974 = 0. Let j = -237 + a. Calculate the remainder when 26 is divided by j.
2
Suppose -3*q - 23 - 22 = 0. Let g = 22 + q. What is the remainder when ((-46)/(-4) - 0)*2 is divided by g?
2
Let y = -12675 - -12843. Calculate the remainder when 793 is divided by y.
121
Let l be (-183)/(-122)*-115*2/(-3). Suppose -2*b - 2*b - 447 = 3*s, 0 = b + 4*s + l. Let d = b - -355. Calculate the remainder when d is divided by 35.
34
Let w = 5013 + -3513. Suppose 22*g - 12*g - w = 0. What is the remainder when g is divided by 28?
10
Suppose 5*x = 5*t + 965, 3*t + 305 = 4*x - 469. Suppose -11*c + x = -80. Calculate the remainder when c is divided by -2*((-3)/2 + -2).
4
Let y be (-6)/1*(-125)/(-10). Let t(i) = i**3 - 8*i**2 + 6*i + 3. Let k be t(5). Let r = k - y. What is the remainder when r is divided by 17?
16
Let o(v) = -8 - 22*v - 12 - v - 32 + v. What is the remainder when 283 is divided by o(-4)?
31
Let c(i) be the first derivative of 69*i**2/2 + 2*i + 16. Let a be c(-2). What is the remainder when (a/24)/(3/(-9)) is divided by 10?
7
Suppose -m = 0, 5*g + 8*m - 4*m - 10 = 0. Let h = g - -59. Let v = -44 + h. What is the remainder when 64 is divided by v?
13
Let j = 4080 - 4079. Let h = 3 - 0. Calculate the remainder when h is divided by j.
0
Suppose 1900 = -3*y - 22*y. Let g = 190 + -346. What is the remainder when 68 is divided by 1/(g/y + -2)?
11
Let t = 62 + 31. Let c(j) = -8*j**2 + 1363*j - 463. Calculate the remainder when t is divided by c(170).
46
Let b be (7/(-2))/((-2)/(-4) + -1). Suppose 3*v - b*o - 60 = -8*o, -2*o = -v + 13. Let r = 313 + -182. What is the remainder when r is divided by v?
17
Calculate the remainder when (-2)/6 + (-478944)/(-54) + 35 is divided by 131.
127
Suppose 5*c - 25 = 5*b, 5*c + 4*b = -2 + 18. Suppose 0 = v + c*l - 16, -v + 0*l + 10 = l. Calculate the remainder when 14 is divided by v.
6
Suppose 3*x + 5*l = -1, -5*x + l + 45 = -0. Calculate the remainder when 2/4 + 195/6 + 2 is divided by (2 + 13)*x/12.
5
Let m = 560 - 528. Let u = 52 + -55. What is the remainder when m is divided by -3 + (18 + u - -2)?
4
Let h(r) = r - 6. Let n be h(18). Let z = 227 + -76. Calculate the remainder when z is divided by ((-38)/(-3))/(n/36).
37
Suppose -16 = 3*j - 5*j - 3*i, 4*j - 3*i = -4. Suppose 3*l + 130 = 8*l + j*w, -3*w - 15 = 0. Calculate the remainder when (-2)/3 + 503/3 is divided by l.
27
Suppose -2*n - 107 = 5*c - 304, -4*n + 4*c = -408. What is the remainder when n is divided by (-36 - -12) + 41 - -34?
50
Let v(g) = 6*g**2 - 26*g + 2. Suppose -a - 188 = -3*t + 141, 3*a = -5*t + 539. Calculate the remainder when t is divided by v(5).
21
Let w(j) = -91*j + 941. What is the remainder when 3777 is divided by w(10)?
26
Let q be -12*(0/(-6) - 2/4). Suppose -q*u = 2*u - 1192. What is the remainder when 11/44*(u + -3 + 2) is divided by 20?
17
Let s be (-24)/(-3 + -1) + (-5 - -2). Suppose -3*h = s*t - 17 - 52, h - 3 = 0. Suppose -3*q = -96 - 75. What is the remainder when q is divided by t?
17
Suppose 3*d + 15 = 0, -2*d = -l + d + 22. Suppose -3*a - 208 = -l*a. Calculate the remainder when a - -6 - -1*4 is divided by 22.
18
Suppose -h = 5*m - 2310, 9*m - 2*h + 924 = 11*m. Let o = m - 283. Calculate the remainder when o is divided by (-46)/(1 + (-2 - 0)).
41
Let h = -10985 - -11024. Calculate the remainder when 2298 is divided by h.
36
Suppose -122*u + 1771 + 1348 = 69. Suppose 0*m = -2*m + 134. What is the remainder when m is divided by u?
17
Let u(g) = g**3 + 3*g**2 - 4*g. Let d(c) = -c**3 + c - 2. Suppose 2*q + 2 = -r + 9, -5*q = -3*r - 34. What is the remainder when d(r) is divided by u(-3)?
10
Let r(q) = 41*q + 5911. Suppose 0*c - 108 = -2*c. What is the remainder when c is divided by r(-144)?
5
Let o(f) = -5*f**2 + 10*f + 331. What is the remainder when 698 is divided by o(-6)?
61
Suppose 1228 = 4*s + 3*r, 5*s - 3*r - 2012 = -504. What is the remainder when s is divided by 54?
34
Suppose 17*h = 6510 + 3282. What is the remainder when 1167 is divided by h?
15
Let u(p) = -6*p + 75. What is the remainder when 574 is divided by u(11)?
7
Let z = 480 - 501. Let o(q) = q**2 + 4*q - 1. What is the remainder when -3 + (z/(-14))/(2/16) is divided by o(-5)?
1
Suppose -t = t - 2*g - 10, -4*t + 18 = -2*g. Suppose -5*i - 291 = -2*d - 25, t*d + 4*i = 588. Calculate the remainder when d is divided by 16.
15
Let c(f) = -7*f**3 + 2*f**2 - f + 194. Calculate the remainder when 224 is divided by c(0).
30
Suppose 1446*z - 1689 = 311*z + 16471. Let a = 24 + 102. Calculate the remainder when a is divided by z.
14
Let l = -52 - -71. Let b = 19 - l. Suppose h + 2*x = 6, b = -0*h + 3*h - 2*x - 42. What is the remainder when 44 is divided by h?
8
Let g(p) = 33*p + 110. What is the remainder when 526 is divided by g(-2)?
42
Suppose 12 = 4*t, -2*l + 28*t - 24*t = -3800. Calculate the remainder when l is divided by 159.
157
Let n be (-54)/13 + (-26)/(-169). Let x be n + 45 - (3 - 4). Let r = 48 - x. Calculate the remainder when 10 is divided by r.
4
Suppose -2128 = -1159*k + 1145*k. Calculate the remainder when 161 is divided by k.
9
Let w = -196 + 200. Calculate the remainder when (5145/(-10))/(-7) - 2/w is divided by 13.
8
Let x = 77 - 80. Let g be ((-1)/1*0)/x. Suppose 4*m = -4*b + 164, 4 = 4*m - g*m. Calculate the remainder when 